.
-17
Let a(g) be the second derivative of -g**5/20 - g**4/12 - g**3/3 - 31*g**2/2 + 68*g + 10. Calculate a(0).
-31
Let f(h) = 7*h + 39. Let j(c) = 27*c + 144. Let q(b) = -23*f(b) + 6*j(b). Determine q(-6).
-39
Let z = -3 - -9. Let h(g) = -g - 5. Let x(u) = 3*u + 9. Let l(s) = 9*h(s) + 4*x(s). Let i(w) = w - 3. Let d(t) = -8*i(t) + 3*l(t). Determine d(z).
3
Let l be 117/3*2/6. Let v(y) = 2*y**2 - 311*y + 4. Let p(c) = c**2 - 127*c. Let n(r) = 5*p(r) - 2*v(r). Give n(l).
-8
Let f(q) = -4*q - 30. Let l(y) = -2*y**2 + 83*y + 133. Let d be l(43). Suppose -59 = -d*m - 87. Give f(m).
-2
Let v(j) be the first derivative of j**3/3 - 12*j**2 + 54*j - 2662. Calculate v(22).
10
Let g(r) = r**3 - 2*r**2 - 3*r + 2. Let m be 38/20 + (-19)/(-190). Calculate g(m).
-4
Let z(l) = -6*l**2 - l - 2. Let m(x) = x**2 + x. Let q(d) = -5*m(d) - z(d). Let n be q(4). Let s(y) = 9*y**2 - 4*y + 2. Calculate s(n).
30
Let g(l) = -2*l**2 + 0*l + 3*l**2 + 4*l. Let u = 60844 + -60848. Give g(u).
0
Let v(g) = -18 - 1868*g + 3735*g - 1857*g. What is v(5)?
32
Let k(w) = 11*w**2 - 2*w. Let m(a) = 21*a**2 + 16*a - 43. Let d(l) = 2*k(l) - m(l). Determine d(18).
7
Let y(u) be the first derivative of 4/3*u**3 + 153 + 1/2*u**4 + 1/2*u**2 - 2*u. Give y(-2).
-4
Let p(m) = m - 2. Let f be p(7). Suppose f*d = -4*o + 18 + 19, 5*o = -5*d + 40. Suppose -d*v = -46 + 11. Let x(t) = t**2 - 7*t + 8. What is x(v)?
8
Let t(o) = 6*o + 9. Let x be 51/34*(5 + -7). Give t(x).
-9
Let l be 6*(-5)/(-105)*7. Let s(k) = -6 + 4*k - 5 - l + 5 - 3. Determine s(5).
9
Suppose 5*n + 2*f + 524 = 0, -4*n + 2*n + 3*f = 202. Let i = -98 - n. Let a(b) be the third derivative of -b**6/120 + b**5/12 + b**4/3 + 3*b**2. Give a(i).
12
Let m(i) = -7 + 2*i**2 + 7*i + 0*i**2 - 3*i**2 - 1. Let s(n) = 2*n**3 - 3*n**2 - 9*n - 2. Let l be s(4). Let a = l + -36. Calculate m(a).
-2
Suppose -11*h = -8*h - 5*x - 27, 4*h - 36 = -4*x. Let q(m) be the first derivative of -1/2*m**2 - 1 + 13*m. Determine q(h).
4
Suppose 4*z + 7 = 5*v, z - 1 = -3*v + 10. Let b(g) = -21*g + 23. Calculate b(v).
-40
Let y = -73 - -76. Let n(a) = 415 + 8*a - y*a - 391 + a. Let p(g) = -3*g - 13. Let l(c) = -4*n(c) - 7*p(c). Determine l(-5).
10
Let d(j) = -j**2 + 9*j - 5. Let u(v) be the second derivative of v**3/3 - 7*v**2 + 55*v. Let t be u(11). Determine d(t).
3
Let u(w) = 13*w + 34. Let l(v) = -11*v - 35. Let c(j) = -3*l(j) - 4*u(j). What is c(-2)?
7
Suppose -3*k - 40 = -5*g, -3*g + 3*k = -k - 24. Let z(w) = 9*w**2 - 3*w - w - 2 - g*w**2. Suppose 4*i = 2*r + 2*i - 6, -2*i - 14 = -4*r. What is z(r)?
-2
Let c(t) = -12*t - 3. Let i(o) = 25*o + 13. Let h(x) = 1. Let y(a) = 6*h(a) - i(a). Let m(q) = 5*c(q) - 2*y(q). Determine m(-1).
9
Let h(o) be the first derivative of -o**4/12 + 7*o**3/6 - 2*o**2 + 184*o - 77. Let p(m) be the first derivative of h(m). Give p(6).
2
Let k(s) = -s**3 + 13*s**2 + 16*s - 11. Let d be k(14). Suppose d = 5*l - 23. Let n(f) = f**2 - 8*f + 5. Give n(l).
5
Let c(u) = u**2 + 11*u + 15. Let y be c(-10). Let t(w) be the second derivative of w**4/12 - 5*w**3/6 - 5*w**2/2 - 439*w. Give t(y).
-5
Let a(z) = -3396*z + 3 + 3404*z - 8. What is a(-4)?
-37
Let w(c) = -5*c**2 - 7*c + 10. Let t(n) = n**3 - 82*n - 269. Let m be t(-4). Give w(m).
-80
Let a(s) be the third derivative of s**5/60 + 11*s**4/24 + 17*s**3/2 + 3*s**2. Let d(c) be the first derivative of a(c). Give d(8).
27
Let p(b) be the second derivative of b**5/60 - b**4/12 + 2*b**3/3 - 141*b**2/2 - 14*b. Let x(m) be the first derivative of p(m). Calculate x(2).
4
Let x(n) = -n**3 + 11*n**2 + 81*n + 4. Let k = 252 - 257. Let q be x(k). Let b(h) = -12*h - 1. Determine b(q).
11
Let s(h) = -7*h**3 + 7*h**2 + 13*h + 12. Let q(r) = 8*r**3 - 8*r**2 - 15*r - 13. Let b = 116 + -109. Let o(u) = b*s(u) + 6*q(u). Calculate o(0).
6
Suppose 4*o - 9 = y, 5*y + 4*o - 9 = -30. Let c(t) be the first derivative of 3*t**2/2 + 5*t - 3. Determine c(y).
-10
Suppose -63*o + 58*o = 20. Suppose 5*c - 8*c + 6 = 0. Let f(j) = j + 0*j**3 - 4*j**c - 1 + 0*j**3 + 0*j - j**3. Give f(o).
-5
Let k(w) = -w**2 - 11*w - 7. Let c be (-6)/93 - 17174/1922. Determine k(c).
11
Let q(o) = 2*o**3 + 4*o**2 - 5. Let a(z) = 3*z**2 + 51*z - 177. Let y be a(-20). What is q(y)?
85
Let b(x) = 7*x**2 - 3*x + 1. Let c be (2 - 2)*35/(-140). Suppose -3*t + 7*d - 5*d + 16 = c, 20 = -4*d. What is b(t)?
23
Let q(r) = -6*r + 0*r + 10 - r**2 + 0*r. Let j(i) = -i**2 - 32*i - 8. Let u be (-1)/(1/5*25/160). Let z be j(u). Give q(z).
-6
Let n be (-6)/(-14) + ((-363)/(-21))/11. Let r be (-5*n/(-8))/(16/64). Let s(q) = 2*q**2 - 6*q - 5. Give s(r).
15
Let l(h) = -29*h - 404. Let k be l(-14). Let c(g) = -2*g**2 - 7*g + 19. Calculate c(k).
-3
Suppose 7*g = 3*n + 18 + 7, 0 = -5*n - 3*g - 27. Let q(a) = -4 - 4 - 2*a - 1. What is q(n)?
3
Let a be (-33)/2 + 20/40. Let z(u) = -u**3 - 18*u**2 - 34*u - 19. Determine z(a).
13
Let q(p) = -5 + 1 + 5. Let u(s) = -s**2 + 16. Let d(i) = 4*q(i) + u(i). Let c(f) be the first derivative of d(f). What is c(-6)?
12
Let a(f) = -6*f**2 - f. Let l(v) = v**2 - 24*v + 18. Let r(b) = -b**2 + 23*b - 18. Let y(w) = 5*l(w) + 6*r(w). Let x be y(17). Give a(x).
-5
Let k(v) be the third derivative of -v**6/60 - v**5/60 + v**4/12 + v**2. Let b be 4/(12 - ((-9)/(-9) + 9)). What is k(b)?
-16
Let x(r) be the second derivative of r**4/24 - r**3/2 - 35*r**2/2 - 4*r + 26. Let c(b) be the first derivative of x(b). Determine c(-14).
-17
Let v = -84 + -556. Let j = -643 - v. Let h(r) = -r. Let g(t) = -15*t. Let m(c) = 4*g(c) - 55*h(c). Determine m(j).
15
Suppose 0 = 7*m - 75 + 61. Let v(r) = 1 - 9*r + 15*r - 4 + m. Give v(-1).
-7
Let a(i) = -i**2 - 10*i - 30. Suppose 0 = 7*m - 2*o + 51, -18*m + 17*m + 21 = -5*o. Give a(m).
-21
Suppose 7*o + 44 = 9. Let p = -7 - o. Let l(y) = 140*y - 1 + 0 - 138*y + 2*y**2. What is l(p)?
3
Suppose 4*f = -4*b - 16, 53*f - 52*f = -2*b - 6. Let y(k) = 2*k**3 - 3*k**2 - k - 1. What is y(b)?
-27
Let w(j) = -8*j - 4. Let f(d) = -57*d + 1. Let h be f(-1). Let x be (-12)/(-15) + h/(-10). Calculate w(x).
36
Let x = 18782 + -18765. Let l(a) = 5*a - 63. Calculate l(x).
22
Let i(s) = -40*s + 1 + 116*s - 38*s - 39*s. Suppose -3*g + 1 = 5*y, 7*y - 4*y - g - 9 = 0. What is i(y)?
-1
Let t be 78/(-39) - (-1 + -8). Let h(o) = t*o + 0*o - 12 - 13*o + 5*o. Determine h(-7).
-5
Suppose -2*k = -3*x - 16 - 16, 4 = -2*x - 3*k. Let u(m) = 51*m - m**3 - 9*m**2 - 23*m - 38*m - 4. Calculate u(x).
12
Suppose 4*a + 3*d = 2, -5*a + 5 + 7 = -d. Let u(t) = 48*t**2 + 2*t + 55*t**2 + t**3 + 1 - 105*t**a. Let p be (-2 + 4 + 0)*1. Calculate u(p).
5
Let f(w) be the third derivative of -w**6/120 - 7*w**5/60 + w**4/4 - 11*w**3/6 - w**2. Let p(q) = 2*q**2 + 9*q - 4. Let n be p(-4). Determine f(n).
5
Let r = -18 + 0. Let w be (-40)/15*r/8. Let i(q) be the third derivative of -q**5/60 + 7*q**4/24 + 4*q**3/3 + 537*q**2. What is i(w)?
14
Let c(n) be the first derivative of -n**2 - 84*n - 1896. Determine c(-31).
-22
Let x(q) = -2*q**2 + 5*q + 4. Let u be x(2). Let t(p) = -p**3 - 11*p**2 - 19. Let z(k) = -k**3 - 12*k**2 - k - 21. Let a(s) = u*t(s) - 5*z(s). Calculate a(-7).
5
Let i(a) = 2*a - 2. Let c be i(2). Let f(r) = -3*r - r - 1 - c*r + r. Let o(w) = 2*w**2 - 6*w - 79. Let b be o(8). Determine f(b).
-6
Let b(a) = -a**3 + 2*a**2 + 13. Let x be b(0). Let h be (-22)/(-8) - x/(-52). Let w(z) = -9 + 2*z + 13 - h. Give w(-5).
-9
Let v(o) be the first derivative of o**2/2 - 2*o - 35. Suppose -3*t + 11 = -10. Let g = -10 + t. What is v(g)?
-5
Suppose -2*z + 3*o - 14 = 7*o, 2*z - 3*o - 21 = 0. Let p(q) = -3 + q + 33*q**z + 2*q**2 + 6*q**2 - 34*q**3 - 4*q**2. Give p(3).
9
Let i(u) be the second derivative of -u**6/180 - u**5/10 + 5*u**4/24 + 41*u**3/2 + 14*u + 4. Let d(b) be the second derivative of i(b). What is d(-6)?
5
Let x(z) = 5*z + 2. Let f(h) = h**2 + 19*h - 5. Let a(o) = f(o) - 4*x(o). Calculate a(-4).
7
Let h(b) = -6*b + 58 + 13 - 59. What is h(3)?
-6
Let j(o) = o**3 + 57*o**2 + 124*o + 770. Let p be j(-55). Let d(h) = -4*h - 20. Give d(p).
-20
Let j(o) = 8*o - 64. Let y(r) = -11*r + 152. Let l(n) = 7*j(n) + 3*y(n). What is l(1)?
31
Suppose -19*j - 54 = -10*j. Let q(d) = -d**2 - 10*d - 11. Let t be q(-8). Let i(a) = 6*a**2 - 7*a - 2*a**2 - t*a**2 - 6. What is i(j)?
0
Let j(m) = 2*m + 1. Let y(u) = -u**2 - 7*u + 21. Let v be (-2)/3 - (-80)/(-15) - 3. L